{"id":104,"date":"2023-04-18T13:14:05","date_gmt":"2023-04-18T13:14:05","guid":{"rendered":"http:\/\/agrigenuns.polj.uns.ac.rs\/?page_id=104"},"modified":"2024-09-02T13:29:01","modified_gmt":"2024-09-02T13:29:01","slug":"za-studente","status":"publish","type":"page","link":"http:\/\/agrigenuns.polj.uns.ac.rs\/index.php\/za-studente\/","title":{"rendered":"ZA STUDENTE"},"content":{"rendered":"\n<p class=\"has-text-align-center\">***<\/p>\n\n\n\n<p class=\"has-text-align-left has-dm-sans-font-family has-large-font-size\">PREZENTACIJE SA PREDAVANJA ZA PRIPREMU ISPITA, \u0160KOLSKA 2022\/2023<\/p>\n\n\n\n<p><\/p>\n\n\n\n<p>01 Studije roda u selu i poljoprivredi \u2013 UVODNI \u010cAS <a href=\"http:\/\/agrigenuns.polj.uns.ac.rs\/wp-content\/uploads\/2023\/05\/01-Studije-roda-u-selu-i-poljoprivredi-UVODNI-CAS.pdf\">PREZENTACIJA<\/a><\/p>\n\n\n\n<p>02 Dru\u0161tvene konstrukcije roda <a href=\"http:\/\/agrigenuns.polj.uns.ac.rs\/wp-content\/uploads\/2023\/05\/02-Drustvene-konstrukcije-roda.pdf\">PREZENTACIJA<\/a><\/p>\n\n\n\n<p>03 Doprinosi i izazovi feministi\u010dkih teorija <a href=\"http:\/\/agrigenuns.polj.uns.ac.rs\/wp-content\/uploads\/2023\/05\/03-Doprinosi-i-izazovi-feministickih-teorija.pdf\">PREZENTACIJ<\/a><a href=\"https:\/\/agrigenuns.files.wordpress.com\/2022\/12\/03-doprinosi-i-izazovi-feministickih-teorija.pdf\">A<\/a><\/p>\n\n\n\n<p>04 Rod u tranziciji i tranzicija roda <a href=\"http:\/\/agrigenuns.polj.uns.ac.rs\/wp-content\/uploads\/2023\/05\/04-Rod-u-tranziciji-i-tranzicija-roda.pdf\">PREZENTACIJA<\/a><\/p>\n\n\n\n<p>05 Porodi\u010dni rodni re\u017eim <a href=\"http:\/\/agrigenuns.polj.uns.ac.rs\/wp-content\/uploads\/2023\/05\/05-Porodicni-rodni-rezim.pdf\">PREZENTACIJA<\/a><\/p>\n\n\n\n<p>06 Rodni identiteti u poljoprivredi <a href=\"http:\/\/agrigenuns.polj.uns.ac.rs\/wp-content\/uploads\/2023\/05\/06-Rodni-identiteti-u-poljoprivredi.pdf\">PREZENTACIJA<\/a><\/p>\n\n\n\n<p>07 Rod i siroma\u0161tvo <a href=\"http:\/\/agrigenuns.polj.uns.ac.rs\/wp-content\/uploads\/2023\/05\/07-Rod-i-siromastvo.pdf\">PREZENTACIJA<\/a><\/p>\n\n\n\n<p>08 Rod i obrazovanje <a href=\"http:\/\/agrigenuns.polj.uns.ac.rs\/wp-content\/uploads\/2023\/05\/08-Rod-i-obrazovanje.pdf\">PREZENTACIJA<\/a><\/p>\n\n\n\n<p>09 Rod i jezik <a href=\"http:\/\/agrigenuns.polj.uns.ac.rs\/wp-content\/uploads\/2023\/05\/09-Rod-i-jezik.pdf\">PREZENTACIJA<\/a><\/p>\n\n\n\n<p>10 Rodni stereotipi i stigmatizacija <a href=\"http:\/\/agrigenuns.polj.uns.ac.rs\/wp-content\/uploads\/2023\/05\/10-Rodni-stereotipi-i-stigmatizacija.pdf\">PREZENTACIJA<\/a><\/p>\n\n\n\n<p>11 Promene rodnih struktura i pravne rodne regulative <a href=\"http:\/\/agrigenuns.polj.uns.ac.rs\/wp-content\/uploads\/2023\/05\/11-Promene-rodnih-struktura-i-pravne-rodne-regulative.pdf\">PREZENTACIJA<\/a><\/p>\n\n\n\n<p>12 Rodna paradigma ruralnog razvoja <a href=\"http:\/\/agrigenuns.polj.uns.ac.rs\/wp-content\/uploads\/2023\/05\/12-Rodna-paradigma-ruralnog-razvoja.pdf\">PREZENTACIJA<\/a><\/p>\n","protected":false},"excerpt":{"rendered":"<p>*** PREZENTACIJE SA PREDAVANJA ZA PRIPREMU ISPITA, \u0160KOLSKA 2022\/2023 01 Studije roda u selu i poljoprivredi \u2013 UVODNI \u010cAS PREZENTACIJA 02 Dru\u0161tvene konstrukcije roda PREZENTACIJA 03 Doprinosi i izazovi feministi\u010dkih teorija PREZENTACIJA 04 Rod u tranziciji i tranzicija roda PREZENTACIJA 05 Porodi\u010dni rodni re\u017eim PREZENTACIJA 06 Rodni identiteti u poljoprivredi PREZENTACIJA 07 Rod i siroma\u0161tvo&hellip; <a class=\"more-link\" href=\"http:\/\/agrigenuns.polj.uns.ac.rs\/index.php\/za-studente\/\">Continue reading <span class=\"screen-reader-text\">ZA STUDENTE<\/span><\/a><\/p>\n","protected":false},"author":2,"featured_media":0,"parent":0,"menu_order":0,"comment_status":"closed","ping_status":"closed","template":"","meta":[],"_links":{"self":[{"href":"http:\/\/agrigenuns.polj.uns.ac.rs\/index.php\/wp-json\/wp\/v2\/pages\/104"}],"collection":[{"href":"http:\/\/agrigenuns.polj.uns.ac.rs\/index.php\/wp-json\/wp\/v2\/pages"}],"about":[{"href":"http:\/\/agrigenuns.polj.uns.ac.rs\/index.php\/wp-json\/wp\/v2\/types\/page"}],"author":[{"embeddable":true,"href":"http:\/\/agrigenuns.polj.uns.ac.rs\/index.php\/wp-json\/wp\/v2\/users\/2"}],"replies":[{"embeddable":true,"href":"http:\/\/agrigenuns.polj.uns.ac.rs\/index.php\/wp-json\/wp\/v2\/comments?post=104"}],"version-history":[{"count":21,"href":"http:\/\/agrigenuns.polj.uns.ac.rs\/index.php\/wp-json\/wp\/v2\/pages\/104\/revisions"}],"predecessor-version":[{"id":294,"href":"http:\/\/agrigenuns.polj.uns.ac.rs\/index.php\/wp-json\/wp\/v2\/pages\/104\/revisions\/294"}],"wp:attachment":[{"href":"http:\/\/agrigenuns.polj.uns.ac.rs\/index.php\/wp-json\/wp\/v2\/media?parent=104"}],"curies":[{"name":"wp","href":"https:\/\/api.w.org\/{rel}","templated":true}]}}