{"id":2,"date":"2023-04-01T16:34:20","date_gmt":"2023-04-01T16:34:20","guid":{"rendered":"http:\/\/agrigenuns.polj.uns.ac.rs\/?page_id=2"},"modified":"2025-03-26T15:41:11","modified_gmt":"2025-03-26T15:41:11","slug":"sample-page","status":"publish","type":"page","link":"http:\/\/agrigenuns.polj.uns.ac.rs\/index.php\/sample-page\/","title":{"rendered":"AKTUELNO"},"content":{"rendered":"\n<p class=\"has-text-align-center\">***<\/p>\n\n\n\n<p class=\"has-text-align-center\">VA\u017dNO OBAVE\u0160TENJE<\/p>\n\n\n\n<p>Po\u0161tovane koleginice i kolege,<\/p>\n\n\n\n<p>Uprava Poljoprivrednog fakulteta u Novom Sadu obave\u0161tava sve nastavnike i studente fakulteta da \u0107e obim i na\u010din nastave nakon blokade biti odre\u0111en naknadno.<\/p>\n\n\n\n<p>Nakon zavr\u0161etka blokade Fakulteta i nastavka normalnog odvijanja nastave i drugih aktivnosti na Fakultetu, sva prava i obaveze studenata \u0107e biti u punoj meri ispo\u0161tovane.<\/p>\n\n\n\n<p>Uprava Poljoprivrednog fakulteta u Novom Sadu jo\u0161 jednom nagla\u0161ava da stoji uz studente u njihovim legitimnim zahtevima koje su izneli na plenumu studenata odr\u017eanom 11. 12. 2024. godine. Podse\u0107amo da su tom prilikom izneseni slede\u0107i zahtevi:<\/p>\n\n\n\n<ol type=\"1\">\n<li>Otvaranje kompletne dokumentacije vezane za rekonstrukciju \u017delezni\u010dke stanice u Novom Sadu<\/li>\n\n\n\n<li>Politi\u010dka i krivi\u010dna odgovornost svih odgovornih za tragediju u Novom Sadu<\/li>\n\n\n\n<li>Procesuiranje napada\u010da na studente, profesore, \u0111ake i ostale gra\u0111ane na mirnim protestima.<\/li>\n<\/ol>\n\n\n\n<p>S po\u0161tovanjem,<br>Dekanat<\/p>\n\n\n\n<p class=\"has-text-align-center\">***<\/p>\n\n\n\n<h3 class=\"wp-block-heading\">Maj 2024. <\/h3>\n\n\n\n<p>\u010clanovi tima <em>AgriGen <\/em>pozvani su da predstave projekat <em>AgriGen <\/em>na webinaru u organizaciji projekta EUGloh u oktobru 2024. godine u organizaciji Univerziteta u Portu.<\/p>\n\n\n\n<figure class=\"wp-block-image size-full is-resized\"><img decoding=\"async\" loading=\"lazy\" src=\"http:\/\/agrigenuns.polj.uns.ac.rs\/wp-content\/uploads\/2024\/09\/image.png\" alt=\"\" class=\"wp-image-271\" width=\"621\" height=\"215\" srcset=\"http:\/\/agrigenuns.polj.uns.ac.rs\/wp-content\/uploads\/2024\/09\/image.png 382w, http:\/\/agrigenuns.polj.uns.ac.rs\/wp-content\/uploads\/2024\/09\/image-300x104.png 300w\" sizes=\"(max-width: 621px) 100vw, 621px\" \/><\/figure>\n\n\n\n<figure class=\"wp-block-image size-full\"><img decoding=\"async\" loading=\"lazy\" width=\"604\" height=\"847\" src=\"http:\/\/agrigenuns.polj.uns.ac.rs\/wp-content\/uploads\/2025\/03\/eugloh-program.png\" alt=\"\" class=\"wp-image-301\" srcset=\"http:\/\/agrigenuns.polj.uns.ac.rs\/wp-content\/uploads\/2025\/03\/eugloh-program.png 604w, http:\/\/agrigenuns.polj.uns.ac.rs\/wp-content\/uploads\/2025\/03\/eugloh-program-214x300.png 214w\" sizes=\"(max-width: 604px) 100vw, 604px\" \/><\/figure>\n\n\n\n<p class=\"has-text-align-center\">***<\/p>\n\n\n\n<h3 class=\"wp-block-heading\"><em>Maj 2024.<\/em><\/h3>\n\n\n\n<p>U maju 2024. godine odr\u017eana je promocija premeta sa studentima III godine Agroekonomskog smera. Studenti su upoznati sa temama koje se izu\u010davaju u okviru predmeta.<\/p>\n\n\n\n<figure class=\"wp-block-image size-large\"><img decoding=\"async\" loading=\"lazy\" width=\"1024\" height=\"768\" src=\"http:\/\/agrigenuns.polj.uns.ac.rs\/wp-content\/uploads\/2024\/09\/flajeri-2-1024x768.jpg\" alt=\"\" class=\"wp-image-269\" srcset=\"http:\/\/agrigenuns.polj.uns.ac.rs\/wp-content\/uploads\/2024\/09\/flajeri-2-1024x768.jpg 1024w, http:\/\/agrigenuns.polj.uns.ac.rs\/wp-content\/uploads\/2024\/09\/flajeri-2-300x225.jpg 300w, http:\/\/agrigenuns.polj.uns.ac.rs\/wp-content\/uploads\/2024\/09\/flajeri-2-768x576.jpg 768w, http:\/\/agrigenuns.polj.uns.ac.rs\/wp-content\/uploads\/2024\/09\/flajeri-2-1536x1152.jpg 1536w, http:\/\/agrigenuns.polj.uns.ac.rs\/wp-content\/uploads\/2024\/09\/flajeri-2-2048x1536.jpg 2048w, http:\/\/agrigenuns.polj.uns.ac.rs\/wp-content\/uploads\/2024\/09\/flajeri-2-1568x1176.jpg 1568w\" sizes=\"(max-width: 1024px) 100vw, 1024px\" \/><\/figure>\n\n\n\n<figure class=\"wp-block-image size-large\"><img decoding=\"async\" loading=\"lazy\" width=\"724\" height=\"1024\" src=\"http:\/\/agrigenuns.polj.uns.ac.rs\/wp-content\/uploads\/2025\/03\/Izborni-predmet-724x1024.png\" alt=\"\" class=\"wp-image-302\" srcset=\"http:\/\/agrigenuns.polj.uns.ac.rs\/wp-content\/uploads\/2025\/03\/Izborni-predmet-724x1024.png 724w, http:\/\/agrigenuns.polj.uns.ac.rs\/wp-content\/uploads\/2025\/03\/Izborni-predmet-212x300.png 212w, http:\/\/agrigenuns.polj.uns.ac.rs\/wp-content\/uploads\/2025\/03\/Izborni-predmet-768x1086.png 768w, http:\/\/agrigenuns.polj.uns.ac.rs\/wp-content\/uploads\/2025\/03\/Izborni-predmet-1086x1536.png 1086w, http:\/\/agrigenuns.polj.uns.ac.rs\/wp-content\/uploads\/2025\/03\/Izborni-predmet.png 1414w\" sizes=\"(max-width: 724px) 100vw, 724px\" \/><\/figure>\n\n\n\n<p class=\"has-text-align-center\">***<\/p>\n\n\n\n<h3 class=\"wp-block-heading\">Jun 2023.<\/h3>\n\n\n\n<p>DAFM Summer School 2023<\/p>\n\n\n\n<p>&#8220;Strengthening Agriculture in the Danube Region: from Nature-Based Solutions to Gender Equality&#8221;<\/p>\n\n\n\n<p>University of Novi Sad, Faculty of Agriculture, June 19-23, 2023<\/p>\n\n\n\n<figure class=\"wp-block-image size-full\"><img decoding=\"async\" loading=\"lazy\" width=\"679\" height=\"857\" src=\"http:\/\/agrigenuns.polj.uns.ac.rs\/wp-content\/uploads\/2025\/03\/Summer-School-2023-agenda.png\" alt=\"\" class=\"wp-image-304\" srcset=\"http:\/\/agrigenuns.polj.uns.ac.rs\/wp-content\/uploads\/2025\/03\/Summer-School-2023-agenda.png 679w, http:\/\/agrigenuns.polj.uns.ac.rs\/wp-content\/uploads\/2025\/03\/Summer-School-2023-agenda-238x300.png 238w\" sizes=\"(max-width: 679px) 100vw, 679px\" \/><\/figure>\n\n\n\n<figure class=\"wp-block-image size-large\"><img decoding=\"async\" loading=\"lazy\" width=\"1024\" height=\"768\" src=\"http:\/\/agrigenuns.polj.uns.ac.rs\/wp-content\/uploads\/2025\/03\/Summer-School-2023-1-1024x768.jpg\" alt=\"\" class=\"wp-image-303\" srcset=\"http:\/\/agrigenuns.polj.uns.ac.rs\/wp-content\/uploads\/2025\/03\/Summer-School-2023-1-1024x768.jpg 1024w, http:\/\/agrigenuns.polj.uns.ac.rs\/wp-content\/uploads\/2025\/03\/Summer-School-2023-1-300x225.jpg 300w, http:\/\/agrigenuns.polj.uns.ac.rs\/wp-content\/uploads\/2025\/03\/Summer-School-2023-1-768x576.jpg 768w, http:\/\/agrigenuns.polj.uns.ac.rs\/wp-content\/uploads\/2025\/03\/Summer-School-2023-1-1536x1152.jpg 1536w, http:\/\/agrigenuns.polj.uns.ac.rs\/wp-content\/uploads\/2025\/03\/Summer-School-2023-1-2048x1536.jpg 2048w, http:\/\/agrigenuns.polj.uns.ac.rs\/wp-content\/uploads\/2025\/03\/Summer-School-2023-1-1568x1176.jpg 1568w\" sizes=\"(max-width: 1024px) 100vw, 1024px\" \/><\/figure>\n\n\n\n<figure class=\"wp-block-image size-large\"><img decoding=\"async\" loading=\"lazy\" width=\"1024\" height=\"768\" src=\"http:\/\/agrigenuns.polj.uns.ac.rs\/wp-content\/uploads\/2025\/03\/Summer-School-2023-2-1024x768.jpg\" alt=\"\" class=\"wp-image-305\" srcset=\"http:\/\/agrigenuns.polj.uns.ac.rs\/wp-content\/uploads\/2025\/03\/Summer-School-2023-2-1024x768.jpg 1024w, http:\/\/agrigenuns.polj.uns.ac.rs\/wp-content\/uploads\/2025\/03\/Summer-School-2023-2-300x225.jpg 300w, http:\/\/agrigenuns.polj.uns.ac.rs\/wp-content\/uploads\/2025\/03\/Summer-School-2023-2-768x576.jpg 768w, http:\/\/agrigenuns.polj.uns.ac.rs\/wp-content\/uploads\/2025\/03\/Summer-School-2023-2-1536x1152.jpg 1536w, http:\/\/agrigenuns.polj.uns.ac.rs\/wp-content\/uploads\/2025\/03\/Summer-School-2023-2-2048x1536.jpg 2048w, http:\/\/agrigenuns.polj.uns.ac.rs\/wp-content\/uploads\/2025\/03\/Summer-School-2023-2-1568x1176.jpg 1568w\" sizes=\"(max-width: 1024px) 100vw, 1024px\" \/><\/figure>\n\n\n\n<p class=\"has-text-align-center\">***<\/p>\n\n\n\n<h3 class=\"wp-block-heading\"><em>Decembar 2022.<\/em><\/h3>\n\n\n\n<p class=\"has-medium-font-size\">Na Poljoprivrednom fakultetu u Novom Sadu 15.12.2022.godine odr\u017eana je radionica pod nazivom \u201cRodna ravnopravnost kao neizostavni segment odgovornog upravljanja, istra\u017eivanja i inovacija\u201d. U okviru radionice prezentovane su dosada\u0161nje aktivnosti i rezultati Erasmus+ Jean Monnet Module projekta \u201cStudije roda u selu i poljoprivredi\u201d<\/p>\n\n\n\n<blockquote class=\"wp-block-quote has-medium-font-size\">\n<p>Prezentacija sa radionice \u201cRodna ravnopravnost kao neizostavni segment odgovornog upravljanja, istra\u017eivanja i inovacija\u201d odr\u017eane 15.12.2022. godine<\/p>\n<cite><a href=\"https:\/\/agrigenuns.files.wordpress.com\/2022\/12\/radionica-15.12.2022.-agrigen.pdf\">PREZENTACIJA AGRIGEN SA ODR\u017dANE RADIONICE 15.12.2022.<\/a><\/cite><\/blockquote>\n\n\n\n<figure class=\"wp-block-image size-full\"><img decoding=\"async\" loading=\"lazy\" width=\"655\" height=\"847\" src=\"http:\/\/agrigenuns.polj.uns.ac.rs\/wp-content\/uploads\/2025\/03\/Radionica-agenda-1.png\" alt=\"\" class=\"wp-image-323\" srcset=\"http:\/\/agrigenuns.polj.uns.ac.rs\/wp-content\/uploads\/2025\/03\/Radionica-agenda-1.png 655w, http:\/\/agrigenuns.polj.uns.ac.rs\/wp-content\/uploads\/2025\/03\/Radionica-agenda-1-232x300.png 232w\" sizes=\"(max-width: 655px) 100vw, 655px\" \/><\/figure>\n\n\n\n<figure class=\"wp-block-image size-full\"><img decoding=\"async\" loading=\"lazy\" width=\"700\" height=\"918\" src=\"http:\/\/agrigenuns.polj.uns.ac.rs\/wp-content\/uploads\/2025\/03\/Radionica-agenda-2-1.png\" alt=\"\" class=\"wp-image-324\" srcset=\"http:\/\/agrigenuns.polj.uns.ac.rs\/wp-content\/uploads\/2025\/03\/Radionica-agenda-2-1.png 700w, http:\/\/agrigenuns.polj.uns.ac.rs\/wp-content\/uploads\/2025\/03\/Radionica-agenda-2-1-229x300.png 229w\" sizes=\"(max-width: 700px) 100vw, 700px\" \/><\/figure>\n\n\n\n<figure class=\"wp-block-image size-large\"><img decoding=\"async\" loading=\"lazy\" width=\"1024\" height=\"683\" src=\"http:\/\/agrigenuns.polj.uns.ac.rs\/wp-content\/uploads\/2025\/03\/Radionica-1-1024x683.jpg\" alt=\"\" class=\"wp-image-306\" srcset=\"http:\/\/agrigenuns.polj.uns.ac.rs\/wp-content\/uploads\/2025\/03\/Radionica-1-1024x683.jpg 1024w, http:\/\/agrigenuns.polj.uns.ac.rs\/wp-content\/uploads\/2025\/03\/Radionica-1-300x200.jpg 300w, http:\/\/agrigenuns.polj.uns.ac.rs\/wp-content\/uploads\/2025\/03\/Radionica-1-768x512.jpg 768w, http:\/\/agrigenuns.polj.uns.ac.rs\/wp-content\/uploads\/2025\/03\/Radionica-1-1536x1024.jpg 1536w, http:\/\/agrigenuns.polj.uns.ac.rs\/wp-content\/uploads\/2025\/03\/Radionica-1-2048x1365.jpg 2048w, http:\/\/agrigenuns.polj.uns.ac.rs\/wp-content\/uploads\/2025\/03\/Radionica-1-1568x1045.jpg 1568w\" sizes=\"(max-width: 1024px) 100vw, 1024px\" \/><\/figure>\n\n\n\n<figure class=\"wp-block-image size-full is-resized\"><img decoding=\"async\" loading=\"lazy\" src=\"http:\/\/agrigenuns.polj.uns.ac.rs\/wp-content\/uploads\/2023\/04\/20221215_125440.webp\" alt=\"\" class=\"wp-image-154\" width=\"699\" height=\"616\" srcset=\"http:\/\/agrigenuns.polj.uns.ac.rs\/wp-content\/uploads\/2023\/04\/20221215_125440.webp 1024w, http:\/\/agrigenuns.polj.uns.ac.rs\/wp-content\/uploads\/2023\/04\/20221215_125440-300x265.webp 300w, http:\/\/agrigenuns.polj.uns.ac.rs\/wp-content\/uploads\/2023\/04\/20221215_125440-768x678.webp 768w\" sizes=\"(max-width: 699px) 100vw, 699px\" \/><\/figure>\n\n\n\n<figure class=\"wp-block-image size-large\"><img decoding=\"async\" loading=\"lazy\" width=\"1024\" height=\"683\" src=\"http:\/\/agrigenuns.polj.uns.ac.rs\/wp-content\/uploads\/2025\/03\/Radionica-2-1024x683.jpg\" alt=\"\" class=\"wp-image-307\" srcset=\"http:\/\/agrigenuns.polj.uns.ac.rs\/wp-content\/uploads\/2025\/03\/Radionica-2-1024x683.jpg 1024w, http:\/\/agrigenuns.polj.uns.ac.rs\/wp-content\/uploads\/2025\/03\/Radionica-2-300x200.jpg 300w, http:\/\/agrigenuns.polj.uns.ac.rs\/wp-content\/uploads\/2025\/03\/Radionica-2-768x512.jpg 768w, http:\/\/agrigenuns.polj.uns.ac.rs\/wp-content\/uploads\/2025\/03\/Radionica-2-1536x1024.jpg 1536w, http:\/\/agrigenuns.polj.uns.ac.rs\/wp-content\/uploads\/2025\/03\/Radionica-2-2048x1365.jpg 2048w, http:\/\/agrigenuns.polj.uns.ac.rs\/wp-content\/uploads\/2025\/03\/Radionica-2-1568x1045.jpg 1568w\" sizes=\"(max-width: 1024px) 100vw, 1024px\" \/><\/figure>\n","protected":false},"excerpt":{"rendered":"<p>*** VA\u017dNO OBAVE\u0160TENJE Po\u0161tovane koleginice i kolege, Uprava Poljoprivrednog fakulteta u Novom Sadu obave\u0161tava sve nastavnike i studente fakulteta da \u0107e obim i na\u010din nastave nakon blokade biti odre\u0111en naknadno. Nakon zavr\u0161etka blokade Fakulteta i nastavka normalnog odvijanja nastave i drugih aktivnosti na Fakultetu, sva prava i obaveze studenata \u0107e biti u punoj meri ispo\u0161tovane.&hellip; <a class=\"more-link\" href=\"http:\/\/agrigenuns.polj.uns.ac.rs\/index.php\/sample-page\/\">Continue reading <span class=\"screen-reader-text\">AKTUELNO<\/span><\/a><\/p>\n","protected":false},"author":2,"featured_media":0,"parent":0,"menu_order":0,"comment_status":"closed","ping_status":"open","template":"","meta":[],"_links":{"self":[{"href":"http:\/\/agrigenuns.polj.uns.ac.rs\/index.php\/wp-json\/wp\/v2\/pages\/2"}],"collection":[{"href":"http:\/\/agrigenuns.polj.uns.ac.rs\/index.php\/wp-json\/wp\/v2\/pages"}],"about":[{"href":"http:\/\/agrigenuns.polj.uns.ac.rs\/index.php\/wp-json\/wp\/v2\/types\/page"}],"author":[{"embeddable":true,"href":"http:\/\/agrigenuns.polj.uns.ac.rs\/index.php\/wp-json\/wp\/v2\/users\/2"}],"replies":[{"embeddable":true,"href":"http:\/\/agrigenuns.polj.uns.ac.rs\/index.php\/wp-json\/wp\/v2\/comments?post=2"}],"version-history":[{"count":11,"href":"http:\/\/agrigenuns.polj.uns.ac.rs\/index.php\/wp-json\/wp\/v2\/pages\/2\/revisions"}],"predecessor-version":[{"id":325,"href":"http:\/\/agrigenuns.polj.uns.ac.rs\/index.php\/wp-json\/wp\/v2\/pages\/2\/revisions\/325"}],"wp:attachment":[{"href":"http:\/\/agrigenuns.polj.uns.ac.rs\/index.php\/wp-json\/wp\/v2\/media?parent=2"}],"curies":[{"name":"wp","href":"https:\/\/api.w.org\/{rel}","templated":true}]}}