{"id":25,"date":"2023-04-11T12:26:51","date_gmt":"2023-04-11T12:26:51","guid":{"rendered":"http:\/\/agrigenuns.polj.uns.ac.rs\/?page_id=25"},"modified":"2025-03-26T15:58:37","modified_gmt":"2025-03-26T15:58:37","slug":"blog","status":"publish","type":"page","link":"http:\/\/agrigenuns.polj.uns.ac.rs\/index.php\/blog\/","title":{"rendered":"O MODULU"},"content":{"rendered":"\n<p><\/p>\n\n\n\n<p>Ovaj predmet pomo\u0107i \u0107e vam da shvatite i razumete zna\u010daj \u017eena u ruralnim podru\u010djima, njihove specifi\u010dne probleme i obele\u017eja. <\/p>\n\n\n\n<p>Bi\u0107ete osposobljeni da kriti\u010dki analizirate razli\u010dite dru\u0161tvene strategije, populacionu politiku kao i politiku zapo\u0161ljavanja \u017eena na selu.<\/p>\n\n\n\n<p>Bolje \u0107ete razumeti zna\u010daj i ulogu \u017eene u poljoprivredi i njihov zna\u010daj za pitanje odr\u017eivog ruralnog razvoja.<\/p>\n\n\n\n<p>Ovaj predmet upozna\u0107e vas sa ulogom i zna\u010dajem rodne paradigme u procesima ruralnog i agrarnog razvoja.<\/p>\n\n\n\n<p>Omogu\u0107i\u0107e vam da prepoznate rodni re\u017eim u razli\u010ditim ruralnim dru\u0161tvenim procesima i odnosima.<\/p>\n\n\n\n<p>Upozna\u0107ete se sa pojmom rodne neravnopravnosti, razviti kriti\u010dko promi\u0161ljanje i mogu\u0107nost prepoznavanja razli\u010ditih oblika rodne neravnopravnosti i diskriminacije.<\/p>\n\n\n\n<p>Modul je namenjen studentima \u010detvrte godine osnovnih studije smera Agroekonomija.<\/p>\n\n\n\n<p><strong>Nastavnici:<\/strong><\/p>\n\n\n\n<p>Prof. dr Marica Petrovi\u0107<\/p>\n\n\n\n<p>Doc. dr Danica Glava\u0161 \u2013 Trbi\u0107<\/p>\n\n\n\n<p>Prof. dr Bojana Komaromi<\/p>\n\n\n\n<p>Prof. dr Mirela Toma\u0161 Simin<\/p>\n\n\n\n<p>prof. dr Dejan Jankovi\u0107<\/p>\n\n\n\n<p><strong>Status predmeta:<\/strong> Izborni<\/p>\n\n\n\n<p><strong>Cilj predmeta:<\/strong><\/p>\n\n\n\n<p>Osnovni cilj ovog nastavnog modula je da studenti ovladaju pojmovno kategorijalnim aparatom u oblasti prou\u010davanja roda i da znaju da primene odre\u0111ene metodolo\u0161ke pristupe u analizi i istra\u017eivanju konkretnih problema rodnih struktura u ruralnim sredinama Republike Srbije.<\/p>\n\n\n\n<p><strong>Ishod predmeta:<\/strong><\/p>\n\n\n\n<p>Studenti poha\u0111anjem nastave razvija\u0107e znanja, razumevanje i kriti\u010dko promi\u0161ljanje rodnih struktura, kako bi bili u mogu\u0107nosti da doprinesu ja\u010danju prepoznatljivosti unutargrupnih interesa kod \u017eena, ja\u010danju mogu\u0107nosti da se ti interesi artikuli\u0161u kao i ja\u010danju unutra\u0161njih razvojnih kapaciteta \u017eena u selu da se aktivno uklju\u010de u razvojne aktivnosti u svom okru\u017eenju. Po zavr\u0161etku nastavnog procesa studenti znaju i razumeju zna\u010daj \u017eena u ruralnim podru\u010djima, njihove specifi\u010dne probleme i obele\u017eja; sposobni su da kriti\u010dki analiziraju razli\u010dite dru\u0161tvene strategije, populacionu politiku, politiku zapo\u0161ljavanja \u017eena na selu; razumeju zna\u010daj i ulogu \u017eene u poljoprivredi, kao i njihov zna\u010daj za pitanje odr\u017eivog ruralnog razvoja.<\/p>\n\n\n\n<p><strong>Sadr\u017eaj predmeta:<\/strong><\/p>\n\n\n\n<p>Modul studentima pru\u017ea znanja o slede\u0107im temama:<\/p>\n\n\n\n<p>\u2013&nbsp;&nbsp; Dru\u0161tvene konstrukcije roda<\/p>\n\n\n\n<p>\u2013&nbsp;&nbsp; Doprinosi i izazovi feministi\u010dkih teorija<\/p>\n\n\n\n<p>\u2013&nbsp;&nbsp; Rod u tranziciji i tranzicija roda<\/p>\n\n\n\n<p>\u2013&nbsp;&nbsp; Porodi\u010dni rodni re\u017eim<\/p>\n\n\n\n<p>\u2013&nbsp;&nbsp; Rodni identiteti u poljoprivredi<\/p>\n\n\n\n<p>\u2013&nbsp;&nbsp; Rod i obrazovanje<\/p>\n\n\n\n<p>\u2013&nbsp;&nbsp; Rod i jezik<\/p>\n\n\n\n<p>\u2013&nbsp;&nbsp; Rodni stereotipi i stigmatizacija<\/p>\n\n\n\n<p>\u2013&nbsp;&nbsp; Promene rodnih struktura i pravne rodne regulative<\/p>\n\n\n\n<p>\u2013&nbsp;&nbsp; Rodna paradigma ruralnog razvoja<\/p>\n\n\n\n<p><strong>Ve\u017ebe:<\/strong><\/p>\n\n\n\n<p>Prezentacija studentskih seminarskih radova sa diskusijom.<\/p>\n\n\n\n<p><strong>Preporu\u010dena literatura:<\/strong><\/p>\n\n\n\n<ol type=\"1\">\n<li>Milojevi\u0107, I., Markov, S.(ur), 2011. Uvod u rodne teorije. Mediterran Publishing. Novi Sad<\/li>\n\n\n\n<li>Blagojevi\u0107, Hjuson, M. 2015. Poluperiferija i rod: pobuda konteksta. Institut za kriminolo\u0161ka i sociolopka istra\u017eivanja. Beograd<\/li>\n\n\n\n<li>\u010ciki\u0107, J., 2021. Seoske \u017eene i ekonomska (re)produkcija ruralnosti. Filozofski fakultet. Novi Sad<\/li>\n<\/ol>\n\n\n\n<p><strong>Broj \u010dasova aktivne nastave u toku semestra:<\/strong><\/p>\n\n\n\n<p>30 \u010dasova predavanja i 30 \u010dasova ve\u017ebi<\/p>\n","protected":false},"excerpt":{"rendered":"<p>Ovaj predmet pomo\u0107i \u0107e vam da shvatite i razumete zna\u010daj \u017eena u ruralnim podru\u010djima, njihove specifi\u010dne probleme i obele\u017eja. Bi\u0107ete osposobljeni da kriti\u010dki analizirate razli\u010dite dru\u0161tvene strategije, populacionu politiku kao i politiku zapo\u0161ljavanja \u017eena na selu. Bolje \u0107ete razumeti zna\u010daj i ulogu \u017eene u poljoprivredi i njihov zna\u010daj za pitanje odr\u017eivog ruralnog razvoja. Ovaj predmet&hellip; <a class=\"more-link\" href=\"http:\/\/agrigenuns.polj.uns.ac.rs\/index.php\/blog\/\">Continue reading <span class=\"screen-reader-text\">O MODULU<\/span><\/a><\/p>\n","protected":false},"author":2,"featured_media":0,"parent":0,"menu_order":0,"comment_status":"closed","ping_status":"closed","template":"","meta":[],"_links":{"self":[{"href":"http:\/\/agrigenuns.polj.uns.ac.rs\/index.php\/wp-json\/wp\/v2\/pages\/25"}],"collection":[{"href":"http:\/\/agrigenuns.polj.uns.ac.rs\/index.php\/wp-json\/wp\/v2\/pages"}],"about":[{"href":"http:\/\/agrigenuns.polj.uns.ac.rs\/index.php\/wp-json\/wp\/v2\/types\/page"}],"author":[{"embeddable":true,"href":"http:\/\/agrigenuns.polj.uns.ac.rs\/index.php\/wp-json\/wp\/v2\/users\/2"}],"replies":[{"embeddable":true,"href":"http:\/\/agrigenuns.polj.uns.ac.rs\/index.php\/wp-json\/wp\/v2\/comments?post=25"}],"version-history":[{"count":5,"href":"http:\/\/agrigenuns.polj.uns.ac.rs\/index.php\/wp-json\/wp\/v2\/pages\/25\/revisions"}],"predecessor-version":[{"id":333,"href":"http:\/\/agrigenuns.polj.uns.ac.rs\/index.php\/wp-json\/wp\/v2\/pages\/25\/revisions\/333"}],"wp:attachment":[{"href":"http:\/\/agrigenuns.polj.uns.ac.rs\/index.php\/wp-json\/wp\/v2\/media?parent=25"}],"curies":[{"name":"wp","href":"https:\/\/api.w.org\/{rel}","templated":true}]}}